50 - 139. Let y = r + o. What are the prime factors of y?
2, 17
Let b(h) be the third derivative of -1 + 0*h - 1/3*h**3 - 101/24*h**4 + h**2. What are the prime factors of b(-3)?
7, 43
Let a = 7751 - 6514. What are the prime factors of a?
1237
Let p(a) = -2*a**3 - 39*a**2 + 3*a + 55. Let j(m) = -m**3 - 38*m**2 + 4*m + 54. Let y(u) = 4*j(u) - 3*p(u). What are the prime factors of y(18)?
3, 167
Suppose -20*z - 28*z = 11808. Suppose 0 = 2*w - 992 + 300. Let q = w + z. What are the prime factors of q?
2, 5
Let x(j) = -j + 1. Let o be x(-16). Suppose 0 = -0*q - 4*q - 3*t + o, 0 = -3*q - t + 19. Suppose q*n - n - 196 = 0. What are the prime factors of n?
2, 7
Let k be (-1)/((2/(-4))/(264/48)). Suppose -2028 = -k*v + 4737. What are the prime factors of v?
3, 5, 41
Let n be 3/(-5) + 8320/325. Suppose 0 = -4*j + 5*t + 621, 2*j - n - 287 = 4*t. List the prime factors of j.
2, 7, 11
Suppose 0 = 32*u - 28*u + 1524. Let p = 890 + u. List the prime factors of p.
509
Let o be (858/(-4))/((-11)/(-132)). Let i be o/(-21) + (-20)/35. Suppose 4*v - 342 + i = 0. List the prime factors of v.
5, 11
Let c = 8316 - -12083. What are the prime factors of c?
20399
Let y(g) = -8*g**3 - 73*g**2 + 86*g - 126. Let z(m) = -11*m**3 - 110*m**2 + 129*m - 189. Let n(j) = -7*y(j) + 5*z(j). What are the prime factors of n(38)?
127
Let z(c) be the second derivative of 133*c**4/12 - 3*c**3/2 - 3*c**2 - 67*c + 2. What are the prime factors of z(3)?
2, 3, 97
Suppose -3*w - 159 = -4*d + 97, -323 = -5*d + 3*w. Suppose 69*j - d*j - 48 = 0. List the prime factors of j.
2, 3
Suppose -c + 3*g + 167 + 157 = 0, 4*g - 1360 = -4*c. Suppose 56*k = 52*k + c. List the prime factors of k.
2, 3, 7
What are the prime factors of 2/3*(-3 - (-189948)/8)?
7, 17, 19
Suppose -141*h = -144*h + 3, 0 = -x + 3*h + 54481. What are the prime factors of x?
2, 53, 257
Let x be (-1 - (-1 - -1))*4761/9. Let f = x + 1015. List the prime factors of f.
2, 3
Suppose 0 = -3*g + 5*s + 29707, 5*s = 8*g - 7*g - 9889. List the prime factors of g.
3, 367
Suppose -139*r + 266208 = -115*r. What are the prime factors of r?
2, 47, 59
List the prime factors of 472/944 - (-90403)/2.
2, 97, 233
Let n(l) = -6*l + 59. Let k be n(7). Suppose k*x - 9754 + 2308 = 0. What are the prime factors of x?
2, 3, 73
Suppose -140 + 542 = 3*j. Let b = j + -16. Suppose 3*h - 134 = b. What are the prime factors of h?
2, 3, 7
Suppose -14*v = -9*v - 4130. Let y = -339 + v. What are the prime factors of y?
487
Let a be 6/(-16)*4*6. Let j(b) = -81*b - 19. List the prime factors of j(a).
2, 5, 71
Let c(i) = -11*i + 583. Let r(y) = -64*y + 3498. Let h(q) = 38*c(q) - 6*r(q). What are the prime factors of h(0)?
2, 11, 53
Let r(m) = -m**3 - 13*m**2 + 23*m - 64. List the prime factors of r(-15).
41
Let y(i) = -43*i**2 - 4*i - 12. Let j be y(-3). Let h = -333 - j. List the prime factors of h.
2, 3
Suppose -81*r + 12226 + 94155 = -16415. List the prime factors of r.
2, 379
Let z(y) = -20433*y + 39. What are the prime factors of z(-1)?
2, 3, 853
Suppose 2*t - u - 733 = 0, 0*t + 4*u = t - 363. Suppose 362*d - t*d + 690 = 0. What are the prime factors of d?
2, 3, 23
Suppose 5*i + 5*p = 309845, -2345*i + 2340*i = p - 309865. What are the prime factors of i?
2, 3, 11, 313
Let u be ((-238)/(-8))/((-1)/4). Let z(v) = v**3 - 66*v**2 - 286*v + 674. Let r be z(70). Let m = u + r. List the prime factors of m.
3, 5
Let d(t) = t**3 - 27*t**2 + 93*t + 86. List the prime factors of d(29).
5, 19, 47
Let x = 402 + -285. Let u = 36 + x. List the prime factors of u.
3, 17
Suppose n = 2909 + 1984. Suppose 11*h = 8527 + n. List the prime factors of h.
2, 5, 61
What are the prime factors of (3 + -30)*(-895884)/594?
2, 3, 11, 617
Suppose -3*l - 59 = 4*t, -74 = -2*t + 7*t + 4*l. Let d = 507 - t. List the prime factors of d.
521
Let v(f) = -f**2 + 9*f + 4. Let q be (2 - 58/(-6)) + 8/(-12). Let x be v(q). What are the prime factors of 4/(-18) + (-1174)/x?
5, 13
Suppose 0 = -175*h + 166*h + 3114. Suppose -5*i + 699 = -h. What are the prime factors of i?
11, 19
Let d = -852 - -4498. What are the prime factors of d?
2, 1823
Suppose -53*a - 1 = -54*a. What are the prime factors of 57400/123 - a/(-6)*2?
467
Suppose 0 = -2*s - 4*x + 26 + 200, -2*x - 299 = -3*s. Let g(o) = -2*o + 100 + s - 62. What are the prime factors of g(0)?
3, 47
Suppose 7*y - 85997 = -3*b, 24*y - 86000 = -3*b + 20*y. What are the prime factors of b?
2, 3, 2389
Let r = 30945 - 15995. What are the prime factors of r?
2, 5, 13, 23
List the prime factors of -17 + 5703 + 9/(27/12).
2, 5, 569
Let o(w) = -2*w - 10. Let s be o(-8). Let x be ((-15)/(-10))/(s/(-8)) + -264. Let k = -154 - x. What are the prime factors of k?
2, 7
Suppose 5219221 = 164*j - 1568903. What are the prime factors of j?
3, 7, 73
Let c(z) = z**3 - 24*z**2 + 21*z + 45. Let p be c(23). List the prime factors of (-1 - (-8277)/15) + p/(-5).
19, 29
Suppose -5*c - 45 = -2*u, -11*u + 15*u - 3*c = 125. Suppose m + 33 = u. Suppose 4*q + 63 = a - 14, 4*a - 362 = -m*q. List the prime factors of a.
89
Let y(u) = 11811 - 5911 + 58*u - 5902 + 10*u**2. List the prime factors of y(-7).
2, 41
Suppose 39 = h - 4*u, 5*h + 5*u + 171 = 491. Suppose 313*g - h = 312*g. List the prime factors of g.
59
Let g = 106 + -101. Let w(z) = -6*z + 1. Let i be w(-14). Suppose 2*t - 46 = p, 2*t + g*p - i = -3*t. List the prime factors of t.
3, 7
Let i(w) = -3*w**2 + 9*w - 9. Let m be i(2). List the prime factors of ((-170)/(m - -4))/(-2).
5, 17
Let b(y) = -6482*y - 193. What are the prime factors of b(-3)?
13, 1481
Let v be -8 + 18 + -7 - (-2 - 7). Suppose -4966 = -v*j + 2486. List the prime factors of j.
3, 23
Suppose -17*z = -16*z + 15. List the prime factors of (-73)/(-1*((-18)/z)/6).
5, 73
Suppose h = -3*c + 19135 + 22075, h + 68694 = 5*c. What are the prime factors of c?
2, 6869
Let j be (-23 + 28/(-7))*14/6. Let o = j - -83. Let f = 40 - o. What are the prime factors of f?
2, 5
Suppose 5*m = -4*r - 196, 0 = -2*r + m + m - 116. Let j = -1075 + 1074. What are the prime factors of (-4)/j*r/(-12)?
2, 3
Suppose 6*a - 9*a - c = -5, 2*c = -5*a + 10. Suppose a = l - 4 - 3. List the prime factors of l.
7
Suppose -109*z + 86767 = 6*t - 114*z, -3*z = 15. List the prime factors of t.
3, 61, 79
Suppose -5*j + 392 = 392. Suppose j = 7*k - 466 - 2019. What are the prime factors of k?
5, 71
Suppose 5*l = -3*z + 6679, -4*z - 2198 = 4*l - 11106. List the prime factors of z.
2, 557
Let c = -376 + 727. Let u = -1 + c. Suppose -13*g + u = -8*g. What are the prime factors of g?
2, 5, 7
Suppose -5*l = 15, -4*l = 4*u - 3*u + 17. Let q be u + (-5 - -152) - (1 - 0). Let s = q + 20. List the prime factors of s.
7, 23
Let l(v) = -535*v. Let z be l(-1). Let c(w) = w - 7. Let f be c(12). Suppose f*r = -y - 144 + z, 0 = -y - 4. What are the prime factors of r?
79
Let n(s) = s**2 - 9*s + 4. Let z = -23 - -30. Let o be n(z). List the prime factors of (-2)/o + 378/10.
2, 19
Suppose 260*f - 5633198 - 5283461 = 67*f. What are the prime factors of f?
13, 19, 229
Suppose 3*s - v = -6, v - 2*v = s - 2. Let m be (2/2)/(s*(-1)/3). Suppose 7*z = m*z + 424. List the prime factors of z.
2, 53
Suppose -17*k + 188 = 715. Let l(u) = -u**2 - 53*u + 40. What are the prime factors of l(k)?
2, 19
Let p = -6696 + 12464. What are the prime factors of p?
2, 7, 103
Let p = -14868 - -49896. What are the prime factors of p?
2, 3, 7, 139
Let p be (9 - 8)*(0 - 91). Let t = 127 - 154. Let h = t - p. List the prime factors of h.
2
Let m(z) be the second derivative of z**4/6 + z**3/3 + 47*z**2/2 - 2*z - 2. List the prime factors of m(10).
3, 89
Let h(p) = 97*p - 29. Suppose -3*z = 4*k - 43, -4*k - 2*z = 9 - 47. What are the prime factors of h(k)?
2, 5, 13
Suppose 3*y + 24922 = h, -8*h + 124708 = -3*h - y. What are the prime factors of h?
24943
Suppose -2*w - 13*p + 14*p = -7416, 18539 = 5*w - 2*p. What are the prime factors of w?
11, 337
Suppose 4 = 4*o - 3*k, 0*o - 2*o + 20 = 3*k. Let u(d) = 117*d + 71. List the prime factors of u(o).
7, 11
Let q(g) = -3*g**2 + 9*g + 97. Let a be q(-8). What are the prime factors of a/(6/12 - (-3)/(-2))?
167
Let u = 39720 + -30216. What are the prime factors of u?
2, 3, 11
Suppose -h = 5*z - 3*z - 2, -h + 2 = 0. Suppose -13*n + 3*n + 2810 = z. What are the prime factors of n?
281
Suppose -5*q + 3*w - 5*w = -